{"id":143,"date":"2022-11-07T15:10:30","date_gmt":"2022-11-07T15:10:30","guid":{"rendered":"https:\/\/www.hierontapalveluparpala.com\/?page_id=143"},"modified":"2022-11-07T15:10:30","modified_gmt":"2022-11-07T15:10:30","slug":"parafiinihoito-kasille","status":"publish","type":"page","link":"https:\/\/www.hierontapalveluparpala.com\/index.php\/parafiinihoito-kasille\/","title":{"rendered":"Parafiinihoito k\u00e4sille"},"content":{"rendered":"\n<p><strong>Hoidon vaikutuksia:<\/strong><\/p>\n\n\n\n<p>L\u00e4mmin parafiini hoitaa ja pehmitt\u00e4\u00e4 ihoa.<\/p>\n\n\n\n<p>Elvytt\u00e4\u00e4 verenkiertoa, helpottaa kipua, j\u00e4ykkyytt\u00e4 ja niveltulehdusta.<\/p>\n\n\n\n<p>Parafiinihoitoa k\u00e4ytet\u00e4\u00e4n nivelvaivoissa, kuten nivelreumassa ja nivelrikossa.<\/p>\n\n\n\n<p>Oiva apu my\u00f6s kylm\u00e4k\u00e4tisyyteen. Hieronnan yhteydess\u00e4 10\u20ac &nbsp;ja yksitt\u00e4isen\u00e4 hoitona 20\u20ac (hoidon kesto 20min.)<\/p>\n","protected":false},"excerpt":{"rendered":"<p>Hoidon vaikutuksia: L\u00e4mmin parafiini hoitaa ja pehmitt\u00e4\u00e4 ihoa. Elvytt\u00e4\u00e4 verenkiertoa, helpottaa kipua, j\u00e4ykkyytt\u00e4 ja niveltulehdusta. Parafiinihoitoa k\u00e4ytet\u00e4\u00e4n nivelvaivoissa, kuten nivelreumassa ja nivelrikossa. Oiva apu my\u00f6s kylm\u00e4k\u00e4tisyyteen. Hieronnan yhteydess\u00e4 10\u20ac &nbsp;ja yksitt\u00e4isen\u00e4 hoitona 20\u20ac (hoidon kesto 20min.)<\/p>\n","protected":false},"author":1,"featured_media":0,"parent":0,"menu_order":0,"comment_status":"closed","ping_status":"closed","template":"","meta":{"footnotes":""},"class_list":["post-143","page","type-page","status-publish","hentry"],"_links":{"self":[{"href":"https:\/\/www.hierontapalveluparpala.com\/index.php\/wp-json\/wp\/v2\/pages\/143","targetHints":{"allow":["GET"]}}],"collection":[{"href":"https:\/\/www.hierontapalveluparpala.com\/index.php\/wp-json\/wp\/v2\/pages"}],"about":[{"href":"https:\/\/www.hierontapalveluparpala.com\/index.php\/wp-json\/wp\/v2\/types\/page"}],"author":[{"embeddable":true,"href":"https:\/\/www.hierontapalveluparpala.com\/index.php\/wp-json\/wp\/v2\/users\/1"}],"replies":[{"embeddable":true,"href":"https:\/\/www.hierontapalveluparpala.com\/index.php\/wp-json\/wp\/v2\/comments?post=143"}],"version-history":[{"count":1,"href":"https:\/\/www.hierontapalveluparpala.com\/index.php\/wp-json\/wp\/v2\/pages\/143\/revisions"}],"predecessor-version":[{"id":145,"href":"https:\/\/www.hierontapalveluparpala.com\/index.php\/wp-json\/wp\/v2\/pages\/143\/revisions\/145"}],"wp:attachment":[{"href":"https:\/\/www.hierontapalveluparpala.com\/index.php\/wp-json\/wp\/v2\/media?parent=143"}],"curies":[{"name":"wp","href":"https:\/\/api.w.org\/{rel}","templated":true}]}}