{"id":140,"date":"2022-11-07T15:10:12","date_gmt":"2022-11-07T15:10:12","guid":{"rendered":"https:\/\/www.hierontapalveluparpala.com\/?page_id=140"},"modified":"2022-11-07T15:10:12","modified_gmt":"2022-11-07T15:10:12","slug":"reiki-kvanttifysiikasta-energiahoitoihin","status":"publish","type":"page","link":"https:\/\/www.hierontapalveluparpala.com\/index.php\/reiki-kvanttifysiikasta-energiahoitoihin\/","title":{"rendered":"Reiki &#8211; kvanttifysiikasta energiahoitoihin"},"content":{"rendered":"\n<p>Sana &#8221;reiki&#8221; on per\u00e4sin japanin kielest\u00e4 ja k\u00e4\u00e4nnet\u00e4\u00e4n usein maailmankaikkeuden elinvoimaksi tai el\u00e4m\u00e4nenergiaksi.&nbsp;<br>Reiki auttaa kehoa rentoutumaan, vapautumaan stressist\u00e4 ja tervehtym\u00e4\u00e4n mahdollisimman nopeasti.<br>Reiki ei ole sidoksissa mihink\u00e4\u00e4n uskontokuntaan tai ajatussuuntaan.&nbsp;<\/p>\n\n\n\n<p>Ihmiskeho on puhdasta energiaa. Kehoon eiv\u00e4t kuulu vain ne fyysiset osat, jotka n\u00e4emme ja joita voimme koskettaa. Kehomme sis\u00e4ll\u00e4 ja ymp\u00e4rill\u00e4 on my\u00f6s hieno energiakeho, joka muodostuu ajatuksista, tunteista ja kokemuksista. N\u00e4it\u00e4 kentti\u00e4 kutsutaan joskus yhteisesti eteeriseksi (aineettomaksi) kehoksi tai auraksi.&nbsp;<\/p>\n\n\n\n<p>Reiki t\u00e4ytt\u00e4\u00e4 tyhjentyneet energiavarastomme, on harmonista ja tasapainottavaa energiaa.<\/p>\n\n\n\n<p>Hoito sopii kaikille.<\/p>\n","protected":false},"excerpt":{"rendered":"<p>Sana &#8221;reiki&#8221; on per\u00e4sin japanin kielest\u00e4 ja k\u00e4\u00e4nnet\u00e4\u00e4n usein maailmankaikkeuden elinvoimaksi tai el\u00e4m\u00e4nenergiaksi.&nbsp;Reiki auttaa kehoa rentoutumaan, vapautumaan stressist\u00e4 ja tervehtym\u00e4\u00e4n mahdollisimman nopeasti.Reiki ei ole sidoksissa mihink\u00e4\u00e4n uskontokuntaan tai ajatussuuntaan.&nbsp; Ihmiskeho on puhdasta energiaa. Kehoon eiv\u00e4t kuulu vain ne fyysiset osat, jotka n\u00e4emme ja joita voimme koskettaa. Kehomme sis\u00e4ll\u00e4 ja ymp\u00e4rill\u00e4 on my\u00f6s hieno energiakeho, joka [&hellip;]<\/p>\n","protected":false},"author":1,"featured_media":0,"parent":0,"menu_order":0,"comment_status":"closed","ping_status":"closed","template":"","meta":{"footnotes":""},"class_list":["post-140","page","type-page","status-publish","hentry"],"_links":{"self":[{"href":"https:\/\/www.hierontapalveluparpala.com\/index.php\/wp-json\/wp\/v2\/pages\/140","targetHints":{"allow":["GET"]}}],"collection":[{"href":"https:\/\/www.hierontapalveluparpala.com\/index.php\/wp-json\/wp\/v2\/pages"}],"about":[{"href":"https:\/\/www.hierontapalveluparpala.com\/index.php\/wp-json\/wp\/v2\/types\/page"}],"author":[{"embeddable":true,"href":"https:\/\/www.hierontapalveluparpala.com\/index.php\/wp-json\/wp\/v2\/users\/1"}],"replies":[{"embeddable":true,"href":"https:\/\/www.hierontapalveluparpala.com\/index.php\/wp-json\/wp\/v2\/comments?post=140"}],"version-history":[{"count":1,"href":"https:\/\/www.hierontapalveluparpala.com\/index.php\/wp-json\/wp\/v2\/pages\/140\/revisions"}],"predecessor-version":[{"id":142,"href":"https:\/\/www.hierontapalveluparpala.com\/index.php\/wp-json\/wp\/v2\/pages\/140\/revisions\/142"}],"wp:attachment":[{"href":"https:\/\/www.hierontapalveluparpala.com\/index.php\/wp-json\/wp\/v2\/media?parent=140"}],"curies":[{"name":"wp","href":"https:\/\/api.w.org\/{rel}","templated":true}]}}