{"id":121,"date":"2022-11-07T15:03:10","date_gmt":"2022-11-07T15:03:10","guid":{"rendered":"https:\/\/www.hierontapalveluparpala.com\/?page_id=121"},"modified":"2026-01-04T08:03:54","modified_gmt":"2026-01-04T08:03:54","slug":"ajanvaraus-lahjakortit","status":"publish","type":"page","link":"https:\/\/www.hierontapalveluparpala.com\/index.php\/ajanvaraus-lahjakortit\/","title":{"rendered":"Ajanvaraus &#038; Lahjakortit"},"content":{"rendered":"\n<div class=\"wp-block-buttons is-layout-flex wp-block-buttons-is-layout-flex\">\n<div class=\"wp-block-button\"><a class=\"wp-block-button__link wp-element-button\" href=\"https:\/\/nettiaika.fi\/hierontapalveluparpala\">Siirry nettiajanvaraukseen<\/a><\/div>\n<\/div>\n\n\n\n<p><\/p>\n\n\n\n<p>Aikoja voit kysy\u00e4 puhelimitse soittamalla, j\u00e4tt\u00e4m\u00e4ll\u00e4 tekstiviestin numeroon, WhatsAppilla, messingerill\u00e4, s\u00e4hk\u00f6postitse.<\/p>\n\n\n\n<p>Hoidon aikana en vastaa puhelimeen, otan yhteyden mahdollisimman pian soitostasi.<\/p>\n\n\n\n<p><strong>Esteen sattuessa muistathan perua aikasi viimeist\u00e4\u00e4n edellisen\u00e4 p\u00e4iv\u00e4n\u00e4, peruuttamaton tai liian my\u00f6h\u00e4\u00e4n peruttu aika on k\u00e4ytetty aika ja maksu on hierontahinta. <\/strong><\/p>\n\n\n\n<p>Peruuttamaton lahjakorttiaika on k\u00e4ytetty aika, eik\u00e4 sit\u00e4 korvata uudella ajalla. <\/p>\n\n\n\n<p>Lahjakortin yht\u00e4 hieronta-aikaa ei voi jakaa useammalle kerralle koska hieronnat ovat eri hintaisia.&nbsp;&nbsp;<\/p>\n\n\n\n<p>Hieronta-aikasi sis\u00e4lt\u00e4\u00e4 valmistelut joihin kuuluu asiakaskortin t\u00e4ytt\u00e4minen, haastattelu, riisuuntuminen, pukeutuminen, maksaminen ja uuden ajan varaaminen.<\/p>\n\n\n\n<p><strong>Teen my\u00f6s yritysk\u00e4yntej\u00e4 sopimuksen mukaan, pyyd\u00e4 tarjous!<\/strong><\/p>\n\n\n\n<p>Olemme avoinna Ma- to  08:00-18:00 Pe 08:00 -14:00<\/p>\n\n\n\n<p>Maksuv\u00e4lineen\u00e4 k\u00e4y k\u00e4teinen, pankkikortti, Smartum, ePassi, Edenred, tilisiirto.<\/p>\n\n\n\n<p>Tervetuloa!<\/p>\n","protected":false},"excerpt":{"rendered":"<p>Aikoja voit kysy\u00e4 puhelimitse soittamalla, j\u00e4tt\u00e4m\u00e4ll\u00e4 tekstiviestin numeroon, WhatsAppilla, messingerill\u00e4, s\u00e4hk\u00f6postitse. Hoidon aikana en vastaa puhelimeen, otan yhteyden mahdollisimman pian soitostasi. Esteen sattuessa muistathan perua aikasi viimeist\u00e4\u00e4n edellisen\u00e4 p\u00e4iv\u00e4n\u00e4, peruuttamaton tai liian my\u00f6h\u00e4\u00e4n peruttu aika on k\u00e4ytetty aika ja maksu on hierontahinta. Peruuttamaton lahjakorttiaika on k\u00e4ytetty aika, eik\u00e4 sit\u00e4 korvata uudella ajalla. Lahjakortin yht\u00e4 hieronta-aikaa [&hellip;]<\/p>\n","protected":false},"author":1,"featured_media":0,"parent":0,"menu_order":0,"comment_status":"closed","ping_status":"closed","template":"","meta":{"footnotes":""},"class_list":["post-121","page","type-page","status-publish","hentry"],"_links":{"self":[{"href":"https:\/\/www.hierontapalveluparpala.com\/index.php\/wp-json\/wp\/v2\/pages\/121","targetHints":{"allow":["GET"]}}],"collection":[{"href":"https:\/\/www.hierontapalveluparpala.com\/index.php\/wp-json\/wp\/v2\/pages"}],"about":[{"href":"https:\/\/www.hierontapalveluparpala.com\/index.php\/wp-json\/wp\/v2\/types\/page"}],"author":[{"embeddable":true,"href":"https:\/\/www.hierontapalveluparpala.com\/index.php\/wp-json\/wp\/v2\/users\/1"}],"replies":[{"embeddable":true,"href":"https:\/\/www.hierontapalveluparpala.com\/index.php\/wp-json\/wp\/v2\/comments?post=121"}],"version-history":[{"count":16,"href":"https:\/\/www.hierontapalveluparpala.com\/index.php\/wp-json\/wp\/v2\/pages\/121\/revisions"}],"predecessor-version":[{"id":275,"href":"https:\/\/www.hierontapalveluparpala.com\/index.php\/wp-json\/wp\/v2\/pages\/121\/revisions\/275"}],"wp:attachment":[{"href":"https:\/\/www.hierontapalveluparpala.com\/index.php\/wp-json\/wp\/v2\/media?parent=121"}],"curies":[{"name":"wp","href":"https:\/\/api.w.org\/{rel}","templated":true}]}}